{"id":855,"date":"2021-06-27T13:59:59","date_gmt":"2021-06-27T13:59:59","guid":{"rendered":"https:\/\/ecostup.md\/?page_id=855"},"modified":"2023-10-18T10:24:59","modified_gmt":"2023-10-18T07:24:59","slug":"termeni-si-conditii","status":"publish","type":"page","link":"https:\/\/textil.md\/?page_id=855","title":{"rendered":"Termeni \u0219i condi\u021bii"},"content":{"rendered":"\t\t<div data-elementor-type=\"wp-page\" data-elementor-id=\"855\" class=\"elementor elementor-855\" data-elementor-post-type=\"page\">\n\t\t\t\t\t\t<section class=\"elementor-section elementor-top-section elementor-element elementor-element-1db1ea4c elementor-section-boxed elementor-section-height-default elementor-section-height-default\" data-id=\"1db1ea4c\" data-element_type=\"section\">\n\t\t\t\t\t\t<div class=\"elementor-container elementor-column-gap-default\">\n\t\t\t\t\t<div class=\"elementor-column elementor-col-100 elementor-top-column elementor-element elementor-element-3e08e2c\" data-id=\"3e08e2c\" data-element_type=\"column\">\n\t\t\t<div class=\"elementor-widget-wrap elementor-element-populated\">\n\t\t\t\t\t\t<div class=\"elementor-element elementor-element-15905655 elementor-widget elementor-widget-text-editor\" data-id=\"15905655\" data-element_type=\"widget\" data-widget_type=\"text-editor.default\">\n\t\t\t\t<div class=\"elementor-widget-container\">\n\t\t\t\t\t\t\t\t\t<h4><strong style=\"font-size: 15px;\">TERMENI \u0218I CONDI\u021aII<\/strong><\/h4><p><strong>Condi\u021bii generale<\/strong><\/p><p>Folosirea website-ului <a href=\"https:\/\/textil.md\">www.textil.md<\/a> (denumit \u00een continuare \u201esite\u201d) constituie acceptul dumneavoastr\u0103 privind respectarea termenilor si condi\u021biilor de mai jos. Termenii \u0219i condi\u021biile se aplic\u0103 tuturor comenzilor plasate de Client c\u0103tre Textil M Grup SRL \u0219i se aplic\u0103 oric\u0103rei alte \u00een\u021belegeri \u00eencheiate \u00eentre client \u0219i Textil M Grup SRL.<\/p><p>Textil M Grup SRL are dreptul exclusiv de a modifica termenii \u0219i condi\u021biile oric\u00e2nd \u0219i f\u0103r\u0103 o notificare prealabila, \u0219i este responsabilitatea dumneavoastr\u0103 s\u0103 o revizui\u021bi.<\/p><p><strong>Plasarea comenzilor pe site<\/strong><\/p><p>Pentru plasarea comenzilor pe site nu este necesar sa crea\u021bi un cont, \u00eens\u0103 \u00een acest caz nu ve\u021bi beneficia de ofertele disponibile doar Clien\u021bilor \u00eenregistra\u021bi. Pentru plasarea comenzilor se vor solicita anumite informa\u021bii inclusiv, dar f\u0103r\u0103 a se limita la adresa de e-mail \u0219i num\u0103rul de telefon. Datele dumneavoastr\u0103 personale vor fi tratate confiden\u021bial de Textil M Grup SRL. De asemenea consideram acceptul dumneavoastr\u0103 privind informa\u021biile furnizate ca fiind precise, complete si actuale.<\/p><p>Obiectul contractului \u00eel constituie v\u00e2nzarea produselor, \u00een conformitate cu disponibilitatea stocului.<\/p><p>Pre\u021bul contractului \u00eel constituie pre\u021bul v\u00e2nz\u0103rii produselor, cuprins in comanda validata prin confirmarea de c\u0103tre Textil M Grup SRL. Pre\u021bul contractului poate fi efectuat in numerar sau online cu cardul (plata va fi f\u0103cut\u0103 in lei moldovene\u0219ti conform pre\u021bului contractului).<\/p><p>Acceptarea comenzii de c\u0103tre Textil M Grup SRL se considera finalizata atunci c\u00e2nd exist\u0103 o confirmare scris\u0103 (e-mail) din partea Textil M Grup SRL c\u0103tre client, f\u0103r\u0103 a necesita o confirmare de primire din partea acestuia din urm\u0103.<\/p><p>Preturile afi\u0219ate pe site sunt exprimate in MDL (lei moldovene\u0219ti) si con\u021bin TVA (taxa pe valoare ad\u0103ugat\u0103). Textil M Grup SRL \u00ee\u0219i rezerv\u0103 dreptul de a modifica oric\u00e2nd preturile de pe site.<\/p><p>Clientul poate efectua comenzi pe site, prin ad\u0103ugarea produselor dorite \u00een co\u0219ul de cump\u0103r\u0103turi, urm\u00e2nd a finaliza comanda dup\u0103 alegerea unei modalit\u0103\u021bi de transport indicate. \u00cen momentul de fa\u021b\u0103 plata este disponibil\u0103 doar prin ramburs, la preluarea coletului sau online cu cardul. Prin finalizarea comenzii Clientul consimte c\u0103 toate datele furnizate de acesta, necesare procesului de cump\u0103rare, sunt corecte, complete \u0219i adev\u0103rate la data plas\u0103rii comenzii.<\/p><p>Contractul se consider\u0103 \u00eencheiat \u00eentre Textil M Grup SRL \u0219i Client \u00een momentul primirii de c\u0103tre Client de la Textil M Grup SRL, prin intermediul po\u0219tei electronice \u0219i\/sau SMS a notific\u0103rii de expediere a comenzii.<\/p><p>Prin lansarea unei comenzi pe site, Clientul este de acord cu forma de comunicare (telefonic sau e-mail) prin care Textil M Grup SRL \u00ee\u0219i deruleaz\u0103 opera\u021biunile comerciale.<\/p><p class=\" translation-block\">Dac\u0103 nu sunte\u021bi mul\u021bumit de niciun produs achizi\u021bionat de pe acest site, \u00eel pute\u021bi returna. Consulta\u021bi\u00a0Politica de returnare\u00a0pentru mai multe detalii.<\/p><p><strong>Contul t\u0103u, parola si Securitate<\/strong><\/p><p>Ave\u021bi nevoie de propriul cont Textil M Grup SRL \u0219i s\u0103 fi\u021bi conectat la cont pentru a utiliza anumite servicii si pentru a beneficia de puncte de fidelitate pentru comenzile lansate.<\/p><p>Sunte\u021bi responsabil pentru p\u0103strarea confiden\u021bialit\u0103\u021bii contului si parolei, si pentru restric\u021bionarea accesului la contul dumneavoastr\u0103, fiind de acord s\u0103 accepta\u021bi responsabilitatea pentru toate activit\u0103\u021bile care apar in contul dumneavoastr\u0103.<\/p><p><strong>Drepturi de autor<\/strong><\/p><p>Orice con\u021binut inclus in sau pus la dispozi\u021bie pe <a href=\"https:\/\/textil.md\">www.textil.md<\/a>, inclusiv, dar f\u0103r\u0103 a se limita la doar text, grafica, logo-uri, imagini, clipuri audio, pictograme sunt proprietatea Textil M Grup SRL sau a furnizorilor de con\u021binut \u0219i protejate de legile interna\u021bionale privind drepturile de autor.<\/p><p><strong>Descrieri, informa\u021bii produse<\/strong><\/p><p>Textil M Grup SRL face tot posibilul s\u0103 ofere informa\u021bii utile si corecte \u00een descrierea produselor, \u00eens\u0103 nu garanteaz\u0103 c\u0103 aceste informa\u021bii sunt complete sau total lipsite de erori.<\/p><p><strong>Confiden\u021bialitate<\/strong><\/p><p>Prin accesarea acestui site, Clientul declara ca este de acord cu prelucrarea datelor sale cu caracter personal \u0219i ca este in cuno\u0219tin\u021b\u0103 de cauz\u0103 c\u0103 se bucura de drepturile prev\u0103zute de Legea Nr. 133 din 08-07-2011, pentru protec\u021bia persoanelor cu privire la prelucrarea datelor cu caracter personal.<\/p><p>Textil M Grup SRL garanteaz\u0103, \u00een condi\u021biile legii, p\u0103strarea confiden\u021bialit\u0103\u021bii datelor cu caracter personal ale clientului si dreptul acestuia la protec\u021bia vie\u021bii private.<\/p><p>Informa\u021biile furnizate de c\u0103tre client vor r\u0103m\u00e2ne \u00een proprietatea Textil M Grup SRL \u0219i vor fi utilizate \u00een rela\u021biile cu partenerii de afaceri exclusiv in scopul \u00eendeplinirii obliga\u021biilor Contractului.<\/p><p>Pentru mai multe detalii consulta\u021bi Politica de confiden\u021bialitate.<\/p><p><strong>R\u0103spundere<\/strong><\/p><p>Textil M Grup SRL nu poate fi responsabil pentru daune de orice fel pe care Clientul sau oricare ter\u021b\u0103 parte o poate suferi ca rezultat al \u00eendeplinirii de c\u0103tre Textil M Grup SRL a oric\u0103rei din obliga\u021biile sale conform comenzii si pentru daune care rezulta din utilizarea bunurilor si serviciilor dup\u0103 livrare si in special pentru pierderea acestora.<\/p><p><strong>\u00ceNREGISTRAREA \u0218I ACHITAREA COMENZII<\/strong><\/p><p>Achitarea comenzilor este posibil\u0103 cu cardul de plat\u0103 \u2013 la primirea comenzii ve\u021bi primi bonul fiscal ce va confirma plata.<\/p><p>Plata online se face \u00een condi\u021bii de siguran\u021ba maxima folosind ca instrument de plat\u0103 cardul de plat\u0103, care permite efectuarea de tranzac\u021bii online. Dup\u0103 efectuarea pl\u0103\u021bii ve\u021bi primi o confirmare de plata pe adresa dvs. de email.<\/p><p>Procesatorul de plata folose\u0219te un sistem securizat, bazat pe ultima versiunea a standardului de securitate 3D-Secure ceea ce \u00eenseamn\u0103 o nou\u0103 abordare global\u0103 a autentific\u0103rii cump\u0103r\u0103torilor \u00een tranzac\u021bii sigure online. Aceasta m\u0103sura de siguran\u021ba presupune redirec\u021bionarea utilizatorului \u00een momentul efectu\u0103rii pla\u021bii pe o pagina securizata\u00a0<strong>maib<\/strong>\u00a0unde autentificarea fiec\u0103rui de\u021bin\u0103tor de card se face prin atribuirea unui cod de unic\u0103 folosin\u021be pentru fiecare tranzac\u021bie online.<\/p><p>Rambursarea mijloacelor b\u0103ne\u0219ti se efectueaz\u0103 doar pe cardul de plat\u0103 care a fost folosit pentru achizi\u021bie.<\/p><p>Pentru a efectua o plat\u0103, va trebui s\u0103 introduce\u021bi detaliile cardului dvs. bancar. Transferul acestor informa\u021bii se face \u00een conformitate cu toate m\u0103surile de securitate necesare. Informa\u021biile sunt transmise \u00een form\u0103 criptat\u0103 \u0219i sunt stocate numai pe un server specializat al sistemului de pl\u0103\u021bi.<\/p><p>\u2028Pentru efectuarea pl\u0103\u021bii vor fi solicitate urm\u0103toarele date:<\/p><ul><li>Num\u0103rul cardului (16 cifre)<\/li><li>Data expir\u0103rii (luna \u0219i anul)<\/li><li>Codul CVC sau CVV (3 cifre)<\/li><li>Numele \u0219i prenumele de pe cardul de plat\u0103<\/li><\/ul><p>\u00cen cazul \u00een care valuta cardului difer\u0103 de valuta tranzac\u021biei (MDL), atunci la convertirea sumei re\u021binute din contul de card se vor aplica condi\u021biile b\u0103ncii emitente.<\/p><p><strong style=\"font-weight: 600;\">LIVRARE SI RETURNARE PRODUSE<br \/><\/strong><\/p><p>Activitatea magazinului online\u00a0<a href=\"https:\/\/web.archive.org\/web\/20230602183027\/http:\/\/www.textil.md\/\">www.textil.md<\/a>\u00a0este organizat\u0103 \u00een conformitate cu prevederile Legii nr. 284 din 22.07.2004, privind comer\u0163ul electronic, Legii nr. 133\/2011 privind protec\u0163ia datelor cu caracter personal, Legii nr. 114\/2012 cu privire la serviciile de plat\u0103 \u015fi moneda electronic\u0103, Legii nr. 91\/2014 privind semn\u0103tura electronic\u0103 \u015fi documentul electronic, Legii nr. 105\/2003 privind protec\u0163ia consumatorilor \u015fi Legii nr. 8\/2016 privind drepturile consumatorilor la \u00eencheierea contractelor.<\/p><p><b>Transport gratuit<\/b><\/p><p>Livrarea m\u0103rfii se va face gratuit \u00een urmato\u0103rele condi\u021bii:<\/p><ul><li>Pentru comenzile \u00een valoare de minimum 1000 lei<\/li><\/ul><p><b>Costuri de livrare<\/b><\/p><ul><li>Pentru comenzile ce nu respect\u0103 condi\u021biile de mai sus, costurile de livrare pe teritoriul ora\u0219ului Chi\u0219in\u0103u vor fi de 50 lei.<\/li><li>Pe \u00eentreg teritoriul Republicii Moldova, produsele sunt livrate de NovaPoshta. Pre\u021bul pentru livrarea va fi de la 50 lei, \u00een dependen\u021b\u0103 de greutatea \u0219i dimensiunea produsului. Acest lucru va fi concretizat la telefon, cu consultantul magazinului.<\/li><\/ul><p>Livr\u0103rile se fac doar pe teritoriul Republicii Moldova.<\/p><p><b>Livrare rapid\u0103<\/b><\/p><p>Livrarea se va face la adresa comunicat\u0103 de Dvs. \u00een termen de 2 &#8211; 3 zile lucr\u0103toare din momentul plas\u0103rii unei comenzi, pentru produsele aflate \u00een stoc pe teritoriul mun. Chisinau, si 3 &#8211; 4 zile pe \u00eentreg teritoriul Republicii Moldova.<\/p><p>Toate comenzile preluate \u00een zilele de vineri, s\u00e2mb\u0103t\u0103 \u0219i duminic\u0103 vor fi procesate luni.<\/p><p><strong style=\"font-weight: 600;\">Returnarea produs<\/strong><\/p><p>Urm\u0103torul aspect face referire doar la persoanele fizice conform legisla\u021biei \u00een vigoare.<\/p><p>Clientul are dreptul de a returna orice produs \u00een termen de 14 zile de la recep\u021bia acestuia \u0219i poate solicita returnarea sumei de bani sau schimbarea cu un alt produs. \u00cen ambele cazuri, valoarea \u00een bani returnat\u0103 sau produsul \u00eenlocuit se refer\u0103 strict la costul produselor, taxele de expedi\u021bie fiind excluse.<\/p><p>Plata transportului pentru a lua produsul returnat \u00eei apar\u021bine clientului.<\/p><p>La retur sunt acceptate doar produsele care respect\u0103 \u00eentocmai forma \u00een care ele au fost livrate.<\/p><p><b>Nu se admit la returnare produsele:<\/b><\/p><ul><li>Care au fost testate\/utilizate;<\/li><li>Care au sigilii rupte\/deteriorate;<\/li><li>Achizi\u021bionate de la alte magazine.<\/li><\/ul><p><strong>For\u021ba major\u0103 \u0219i litigii<\/strong><\/p><p>Niciuna din p\u0103r\u021bi nu va fi r\u0103spunz\u0103toare pentru neexecutarea obliga\u021biilor sale contractuale, daca o astfel de neexecutare este datorata unui eveniment de for\u021b\u0103 major\u0103. For\u021ba major\u0103 este evenimentul imprevizibil, in afara controlului par\u021bilor \u0219i care nu poate fi evitat. Eventualele litigii ap\u0103rute intre client \u0219i Textil M Grup SRL vor fi rezolvate pe cale amiabil\u0103. \u00cen cazul in care nu se ajunge la un acord pe aceast\u0103 cale se va apela la instan\u021bele judec\u0103tore\u0219ti competente.<\/p>\t\t\t\t\t\t\t\t<\/div>\n\t\t\t\t<\/div>\n\t\t\t\t\t<\/div>\n\t\t<\/div>\n\t\t\t\t\t<\/div>\n\t\t<\/section>\n\t\t\t\t<\/div>\n\t\t","protected":false},"excerpt":{"rendered":"<p>TERMENI \u0218I CONDI\u021aII Condi\u021bii generale Folosirea website-ului www.textil.md (denumit \u00een continuare \u201esite\u201d) constituie acceptul dumneavoastr\u0103 privind respectarea termenilor si condi\u021biilor de mai jos. Termenii \u0219i condi\u021biile se aplic\u0103 tuturor comenzilor plasate de Client c\u0103tre Textil M Grup SRL \u0219i se aplic\u0103 oric\u0103rei alte \u00een\u021belegeri \u00eencheiate \u00eentre client \u0219i Textil M Grup SRL. Textil M Grup [&hellip;]<\/p>\n","protected":false},"author":1,"featured_media":0,"parent":0,"menu_order":0,"comment_status":"closed","ping_status":"closed","template":"","meta":{"footnotes":""},"class_list":["post-855","page","type-page","status-publish","hentry"],"_links":{"self":[{"href":"https:\/\/textil.md\/index.php?rest_route=\/wp\/v2\/pages\/855","targetHints":{"allow":["GET"]}}],"collection":[{"href":"https:\/\/textil.md\/index.php?rest_route=\/wp\/v2\/pages"}],"about":[{"href":"https:\/\/textil.md\/index.php?rest_route=\/wp\/v2\/types\/page"}],"author":[{"embeddable":true,"href":"https:\/\/textil.md\/index.php?rest_route=\/wp\/v2\/users\/1"}],"replies":[{"embeddable":true,"href":"https:\/\/textil.md\/index.php?rest_route=%2Fwp%2Fv2%2Fcomments&post=855"}],"version-history":[{"count":0,"href":"https:\/\/textil.md\/index.php?rest_route=\/wp\/v2\/pages\/855\/revisions"}],"wp:attachment":[{"href":"https:\/\/textil.md\/index.php?rest_route=%2Fwp%2Fv2%2Fmedia&parent=855"}],"curies":[{"name":"wp","href":"https:\/\/api.w.org\/{rel}","templated":true}]}}